9
Calculate the remainder when 341561 is divided by 26.
25
Calculate the remainder when 7338 is divided by 2446.
0
Calculate the remainder when 101915 is divided by 16963.
137
What is the remainder when 7920 is divided by 2324?
948
What is the remainder when 4472 is divided by 232?
64
What is the remainder when 26952 is divided by 15?
12
Calculate the remainder when 5328 is divided by 5167.
161
What is the remainder when 403027 is divided by 1455?
1447
Calculate the remainder when 1873 is divided by 92.
33
What is the remainder when 117465 is divided by 78?
75
Calculate the remainder when 49245 is divided by 24604.
37
Calculate the remainder when 420358 is divided by 53.
15
Calculate the remainder when 1903 is divided by 528.
319
What is the remainder when 11082 is divided by 326?
324
What is the remainder when 512 is divided by 94?
42
What is the remainder when 11725 is divided by 534?
511
What is the remainder when 6920 is divided by 165?
155
What is the remainder when 11167 is divided by 5160?
847
What is the remainder when 22267 is divided by 17?
14
Calculate the remainder when 44925 is divided by 340.
45
What is the remainder when 923 is divided by 14?
13
Calculate the remainder when 3467 is divided by 895.
782
Calculate the remainder when 1423579 is divided by 530.
529
Calculate the remainder when 48790 is divided by 62.
58
Calculate the remainder when 2938 is divided by 17.
14
What is the remainder when 11227 is divided by 2213?
162
Calculate the remainder when 43824 is divided by 21858.
108
What is the remainder when 125466 is divided by 37?
36
Calculate the remainder when 62398 is divided by 62386.
12
What is the remainder when 140317 is divided by 78?
73
What is the remainder when 7190 is divided by 9?
8
Calculate the remainder when 211 is divided by 45.
31
What is the remainder when 4315 is divided by 1075?
15
What is the remainder when 3225 is divided by 1609?
7
Calculate the remainder when 29793 is divided by 13.
10
What is the remainder when 52512 is divided by 14?
12
Calculate the remainder when 712527 is divided by 1015.
1012
Calculate the remainder when 8767 is divided by 247.
122
Calculate the remainder when 177507 is divided by 13.
5
What is the remainder when 19063 is divided by 58?
39
What is the remainder when 44149 is divided by 22?
17
What is the remainder when 808 is divided by 7?
3
What is the remainder when 11025 is divided by 149?
148
What is the remainder when 3623275 is divided by 60?
55
Calculate the remainder when 4321 is divided by 173.
169
Calculate the remainder when 12399 is divided by 3090.
39
What is the remainder when 487047 is divided by 51?
48
What is the remainder when 63352 is divided by 63341?
11
What is the remainder when 4112 is divided by 1242?
386
Calculate the remainder when 27593559 is divided by 712.
711
What is the remainder when 112207 is divided by 27?
22
Calculate the remainder when 83869 is divided by 9317.
16
Calculate the remainder when 57977 is divided by 4140.
17
Calculate the remainder when 271367 is divided by 135646.
75
Calculate the remainder when 32852 is divided by 32849.
3
Calculate the remainder when 3169 is divided by 361.
281
Calculate the remainder when 4436 is divided by 1046.
252
Calculate the remainder when 147572 is divided by 325.
22
Calculate the remainder when 4242 is divided by 82.
60
What is the remainder when 32073 is divided by 16024?
25
What is the remainder when 32452 is divided by 692?
620
What is the remainder when 108741 is divided by 22?
17
Calculate the remainder when 6895 is divided by 762.
37
What is the remainder when 255918 is divided by 35?
33
What is the remainder when 43196 is divided by 29?
15
Calculate the remainder when 140423 is divided by 143.
140
Calculate the remainder when 31035 is divided by 15457.
121
Calculate the remainder when 5541 is divided by 5535.
6
What is the remainder when 73655 is divided by 372?
371
Calculate the remainder when 9683 is divided by 494.
297
Calculate the remainder when 16504 is divided by 3881.
980
What is the remainder when 74067 is divided by 123?
21
Calculate the remainder when 41317 is divided by 283.
282
Calculate the remainder when 54241 is divided by 4.
1
What is the remainder when 328018 is divided by 21?
19
Calculate the remainder when 8687742 is divided by 46.
44
What is the remainder when 9921 is divided by 1947?
186
Calculate the remainder when 21729 is divided by 329.
15
Calculate the remainder when 6900 is divided by 74.
18
What is the remainder when 34724 is divided by 271?
36
Calculate the remainder when 860 is divided by 6.
2
What is the remainder when 586073 is divided by 31?
18
What is the remainder when 20290 is divided by 103?
102
What is the remainder when 1992 is divided by 136?
88
Calculate the remainder when 8962 is divided by 18.
16
Calculate the remainder when 25804 is divided by 120.
4
Calculate the remainder when 28686 is divided by 9538.
72
What is the remainder when 18764 is divided by 446?
32
What is the remainder when 21374 is divided by 10683?
8
What is the remainder when 40135 is divided by 427?
424
What is the remainder when 952 is divided by 489?
463
What is the remainder when 50022 is divided by 25002?
18
Calculate the remainder when 555 is divided by 293.
262
Calculate the remainder when 1677896 is divided by 69912.
8
What is the remainder when 122314 is divided by 117?
49
Calculate the remainder when 12913 is divided by 17.
10
Calculate the remainder when 1321 is divided by 646.
29
What is the remainder when 434786 is divided by 131?
128
What is the remainder when 16002 is divided by 950?
802
Calculate the remainder when 34849 is divided by 211.
34
What is the remainder when 13139 is divided by 1044?
611
What is the remainder when 25994 is divided by 175?
94
Calculate the remainder when 41480 is divided by 1185.
5
Calculate the remainder when 125755 is divided by 1014.
19
What is the remainder when 2692 is divided by 287?
109
Calculate the remainder when 1088 is divided by 188.
148
Calculate the remainder when 97891 is divided by 47.
37
What is the remainder when 17126 is divided by 107?
6
Calculate the remainder when 152995 is divided by 680.
675
Calculate the remainder when 2589 is divided by 320.
29
Calculate the remainder when 24325 is divided by 6026.
221
What is the remainder when 66555 is divided by 113?
111
Calculate the remainder when 3519512 is divided by 26.
22
Calculate the remainder when 13873 is divided by 77.
13
Calculate the remainder when 162 is divided by 22.
8
What is the remainder when 216439 is divided by 20?
19
Calculate the remainder when 750432 is divided by 9.
3
What is the remainder when 338669 is divided by 244?
241
Calculate the remainder when 137357 is divided by 101.
98
Calculate the remainder when 36266 is divided by 390.
386
Calculate the remainder when 744 is divided by 604.
140
Calculate the remainder when 128829 is divided by 239.
8
Calculate the remainder when 19197 is divided by 9362.
473
Calculate the remainder when 6273 is divided by 693.
36
Calculate the remainder when 4672 is divided by 46.
26
What is the remainder when 5502 is divided by 15?
12
Calculate the remainder when 125139 is divided by 264.
3
Calculate the remainder when 13707 is divided by 4555.
42
What is the remainder when 5259 is divided by 45?
39
Calculate the remainder when 30516 is divided by 96.
84
Calculate the remainder when 4841 is divided by 312.
161
Calculate the remainder when 53703 is divided by 53699.
4
What is the remainder when 8514 is divided by 1445?
1289
Calculate the remainder when 32711 is divided by 3631.
32
Calculate the remainder when 8759 is divided by 186.
17
Calculate the remainder when 27817 is divided by 130.
127
What is the remainder when 18010 is divided by 257?
20
Calculate the remainder when 11450 is divided by 79.
74
Calculate the remainder when 9954383 is divided by 816.
815
What is the remainder when 2177928 is divided by 377?
376
What is the remainder when 850 is divided by 42?
10
Calculate the remainder when 2894 is divided by 944.
62
What is the remainder when 3626 is divided by 551?
320
Calculate the remainder when 562373 is divided by 398.
397
Calculate the remainder when 107449 is divided by 363.
1
Calculate the remainder when